{"id":8,"date":"2026-07-30T06:36:14","date_gmt":"2026-07-30T06:36:14","guid":{"rendered":"http:\/\/localhost:8080\/?page_id=8"},"modified":"2026-07-30T06:36:14","modified_gmt":"2026-07-30T06:36:14","slug":"actualites","status":"publish","type":"page","link":"https:\/\/demo.gregoiremureau.com\/mcr\/actualites\/","title":{"rendered":"Actualit\u00e9s"},"content":{"rendered":"<p>Les derni\u00e8res nouvelles du MCR Meyrin et du mouvement romand.<\/p>\n<h2>Inauguration de la nouvelle paroisse<\/h2>\n<p>Le <strong>18 avril 2026<\/strong>, la nouvelle Paroisse Catholique Romaine de Meyrin (fusion des paroisses Saint-Julien et de la Visitation) a \u00e9t\u00e9 inaugur\u00e9e par Mgr Morerod.<\/p>\n<h2>Nouveau th\u00e8me : \u00ab Tous Ensemble \u00bb<\/h2>\n<p>Pour la saison 2026-2027, le MCR romand nous invite \u00e0 cheminer \u00ab <strong>Tous Ensemble<\/strong> \u00bb. Un livret d\u00e9di\u00e9 a \u00e9t\u00e9 pr\u00e9par\u00e9 par Sr B\u00e9atrice Meichtry.<\/p>\n","protected":false},"excerpt":{"rendered":"<p>Les derni\u00e8res nouvelles du MCR Meyrin et du mouvement romand. Inauguration de la nouvelle paroisse Le 18 avril 2026, la nouvelle Paroisse Catholique Romaine de Meyrin (fusion des paroisses Saint-Julien et de la Visitation) a \u00e9t\u00e9 inaugur\u00e9e par Mgr Morerod. Nouveau th\u00e8me : \u00ab Tous Ensemble \u00bb Pour la saison 2026-2027, le MCR romand nous [&hellip;]<\/p>\n","protected":false},"author":0,"featured_media":0,"parent":0,"menu_order":0,"comment_status":"closed","ping_status":"closed","template":"","meta":{"footnotes":""},"class_list":["post-8","page","type-page","status-publish","hentry"],"_links":{"self":[{"href":"https:\/\/demo.gregoiremureau.com\/mcr\/wp-json\/wp\/v2\/pages\/8","targetHints":{"allow":["GET"]}}],"collection":[{"href":"https:\/\/demo.gregoiremureau.com\/mcr\/wp-json\/wp\/v2\/pages"}],"about":[{"href":"https:\/\/demo.gregoiremureau.com\/mcr\/wp-json\/wp\/v2\/types\/page"}],"replies":[{"embeddable":true,"href":"https:\/\/demo.gregoiremureau.com\/mcr\/wp-json\/wp\/v2\/comments?post=8"}],"version-history":[{"count":0,"href":"https:\/\/demo.gregoiremureau.com\/mcr\/wp-json\/wp\/v2\/pages\/8\/revisions"}],"wp:attachment":[{"href":"https:\/\/demo.gregoiremureau.com\/mcr\/wp-json\/wp\/v2\/media?parent=8"}],"curies":[{"name":"wp","href":"https:\/\/api.w.org\/{rel}","templated":true}]}}

Actualités

<p>Les dernières nouvelles du MCR Meyrin et du mouvement romand.</p>
<h2>Inauguration de la nouvelle paroisse</h2>
<p>Le <strong>18 avril 2026</strong>, la nouvelle Paroisse Catholique Romaine de Meyrin (fusion des paroisses Saint-Julien et de la Visitation) a été inaugurée par Mgr Morerod.</p>
<h2>Nouveau thème : « Tous Ensemble »</h2>
<p>Pour la saison 2026-2027, le MCR romand nous invite à cheminer « <strong>Tous Ensemble</strong> ». Un livret dédié a été préparé par Sr Béatrice Meichtry.</p>

<p>Les dernières nouvelles du MCR Meyrin et du mouvement romand. Inauguration de la nouvelle paroisse Le 18 avril 2026, la nouvelle Paroisse Catholique Romaine de Meyrin (fusion des paroisses Saint-Julien et de la Visitation) a été inaugurée par Mgr Morerod. Nouveau thème : « Tous Ensemble » Pour la saison 2026-2027, le MCR romand nous [&hellip;]</p>
