{"id":7,"date":"2026-07-30T06:36:14","date_gmt":"2026-07-30T06:36:14","guid":{"rendered":"http:\/\/localhost:8080\/?page_id=7"},"modified":"2026-07-30T06:36:14","modified_gmt":"2026-07-30T06:36:14","slug":"agenda","status":"publish","type":"page","link":"https:\/\/demo.gregoiremureau.com\/mcr\/agenda\/","title":{"rendered":"Agenda"},"content":{"rendered":"<p>D\u00e9couvrez toutes les dates du MCR Meyrin pour la saison <strong>2026-2027<\/strong>, autour du th\u00e8me \u00ab <strong>Tous Ensemble<\/strong> \u00bb.<\/p>\n<h2>Calendrier des rencontres 2026-2027<\/h2>\n<ul>\n<li>3 septembre 2026 \u2014 Premi\u00e8re rencontre<\/li>\n<li>1er octobre 2026 \u2014 Rencontre<\/li>\n<li>5 novembre 2026 \u2014 Rencontre<\/li>\n<li>3 d\u00e9cembre 2026 \u2014 Rencontre<\/li>\n<li>7 janvier 2027 \u2014 Rencontre<\/li>\n<li>4 f\u00e9vrier 2027 \u2014 Rencontre<\/li>\n<li>4 mars 2027 \u2014 Rencontre<\/li>\n<li>1er avril 2027 \u2014 Rencontre<\/li>\n<li>6 mai 2027 \u2014 Derni\u00e8re rencontre de la saison<\/li>\n<li>6 juin 2027 \u2014 Marche pour J\u00e9sus<\/li>\n<\/ul>\n<p><em>Les rencontres ont lieu \u00e0 l&rsquo;\u00c9glise de la Visitation, g\u00e9n\u00e9ralement \u00e0 14h30.<\/em><\/p>\n","protected":false},"excerpt":{"rendered":"<p>D\u00e9couvrez toutes les dates du MCR Meyrin pour la saison 2026-2027, autour du th\u00e8me \u00ab Tous Ensemble \u00bb. Calendrier des rencontres 2026-2027 3 septembre 2026 \u2014 Premi\u00e8re rencontre 1er octobre 2026 \u2014 Rencontre 5 novembre 2026 \u2014 Rencontre 3 d\u00e9cembre 2026 \u2014 Rencontre 7 janvier 2027 \u2014 Rencontre 4 f\u00e9vrier 2027 \u2014 Rencontre 4 mars [&hellip;]<\/p>\n","protected":false},"author":0,"featured_media":0,"parent":0,"menu_order":0,"comment_status":"closed","ping_status":"closed","template":"","meta":{"footnotes":""},"class_list":["post-7","page","type-page","status-publish","hentry"],"_links":{"self":[{"href":"https:\/\/demo.gregoiremureau.com\/mcr\/wp-json\/wp\/v2\/pages\/7","targetHints":{"allow":["GET"]}}],"collection":[{"href":"https:\/\/demo.gregoiremureau.com\/mcr\/wp-json\/wp\/v2\/pages"}],"about":[{"href":"https:\/\/demo.gregoiremureau.com\/mcr\/wp-json\/wp\/v2\/types\/page"}],"replies":[{"embeddable":true,"href":"https:\/\/demo.gregoiremureau.com\/mcr\/wp-json\/wp\/v2\/comments?post=7"}],"version-history":[{"count":0,"href":"https:\/\/demo.gregoiremureau.com\/mcr\/wp-json\/wp\/v2\/pages\/7\/revisions"}],"wp:attachment":[{"href":"https:\/\/demo.gregoiremureau.com\/mcr\/wp-json\/wp\/v2\/media?parent=7"}],"curies":[{"name":"wp","href":"https:\/\/api.w.org\/{rel}","templated":true}]}}

<p>Découvrez toutes les dates du MCR Meyrin pour la saison <strong>2026-2027</strong>, autour du thème « <strong>Tous Ensemble</strong> ».</p>
<h2>Calendrier des rencontres 2026-2027</h2>
<ul>
<li>3 septembre 2026 — Première rencontre</li>
<li>1er octobre 2026 — Rencontre</li>
<li>5 novembre 2026 — Rencontre</li>
<li>3 décembre 2026 — Rencontre</li>
<li>7 janvier 2027 — Rencontre</li>
<li>4 février 2027 — Rencontre</li>
<li>4 mars 2027 — Rencontre</li>
<li>1er avril 2027 — Rencontre</li>
<li>6 mai 2027 — Dernière rencontre de la saison</li>
<li>6 juin 2027 — Marche pour Jésus</li>
</ul>
<p><em>Les rencontres ont lieu à l&rsquo;Église de la Visitation, généralement à 14h30.</em></p>

<p>Découvrez toutes les dates du MCR Meyrin pour la saison 2026-2027, autour du thème « Tous Ensemble ». Calendrier des rencontres 2026-2027 3 septembre 2026 — Première rencontre 1er octobre 2026 — Rencontre 5 novembre 2026 — Rencontre 3 décembre 2026 — Rencontre 7 janvier 2027 — Rencontre 4 février 2027 — Rencontre 4 mars [&hellip;]</p>
