{"id":5,"date":"2026-07-30T06:36:14","date_gmt":"2026-07-30T06:36:14","guid":{"rendered":"http:\/\/localhost:8080\/?page_id=5"},"modified":"2026-07-30T06:36:14","modified_gmt":"2026-07-30T06:36:14","slug":"vie-du-groupe","status":"publish","type":"page","link":"https:\/\/demo.gregoiremureau.com\/mcr\/vie-du-groupe\/","title":{"rendered":"Vie du groupe"},"content":{"rendered":"<p>Le MCR Meyrin se r\u00e9unit tout au long de l&rsquo;ann\u00e9e pour des moments de partage, de pri\u00e8re et de formation. Voici les principales activit\u00e9s du groupe.<\/p>\n<h2>Les rencontres<\/h2>\n<p>De <strong>6 \u00e0 9 rencontres par an<\/strong>, g\u00e9n\u00e9ralement le jeudi apr\u00e8s-midi \u00e0 l&rsquo;\u00c9glise de la Visitation. Chaque rencontre s&rsquo;articule autour du th\u00e8me annuel, avec un temps de pri\u00e8re, un enseignement et un moment convivial.<\/p>\n<h2>Journ\u00e9e de formation et ressourcement<\/h2>\n<p>Chaque ann\u00e9e, une journ\u00e9e d\u00e9di\u00e9e \u00e0 la formation des responsables et membres. La prochaine \u00e9dition aura lieu le <strong>27 mai 2026 \u00e0 Belfaux<\/strong>, anim\u00e9e par Aline Gardaz De Luca sur le th\u00e8me \u00ab La voix, \u00eatre en relation aux autres \u00bb.<\/p>\n<h2>R\u00e9collections<\/h2>\n<p>Une r\u00e9collection annuelle offre un temps plus long de pri\u00e8re et de r\u00e9flexion, g\u00e9n\u00e9ralement en d\u00e9but de saison.<\/p>\n","protected":false},"excerpt":{"rendered":"<p>Le MCR Meyrin se r\u00e9unit tout au long de l&rsquo;ann\u00e9e pour des moments de partage, de pri\u00e8re et de formation. Voici les principales activit\u00e9s du groupe. Les rencontres De 6 \u00e0 9 rencontres par an, g\u00e9n\u00e9ralement le jeudi apr\u00e8s-midi \u00e0 l&rsquo;\u00c9glise de la Visitation. Chaque rencontre s&rsquo;articule autour du th\u00e8me annuel, avec un temps de [&hellip;]<\/p>\n","protected":false},"author":0,"featured_media":0,"parent":0,"menu_order":0,"comment_status":"closed","ping_status":"closed","template":"","meta":{"footnotes":""},"class_list":["post-5","page","type-page","status-publish","hentry"],"_links":{"self":[{"href":"https:\/\/demo.gregoiremureau.com\/mcr\/wp-json\/wp\/v2\/pages\/5","targetHints":{"allow":["GET"]}}],"collection":[{"href":"https:\/\/demo.gregoiremureau.com\/mcr\/wp-json\/wp\/v2\/pages"}],"about":[{"href":"https:\/\/demo.gregoiremureau.com\/mcr\/wp-json\/wp\/v2\/types\/page"}],"replies":[{"embeddable":true,"href":"https:\/\/demo.gregoiremureau.com\/mcr\/wp-json\/wp\/v2\/comments?post=5"}],"version-history":[{"count":0,"href":"https:\/\/demo.gregoiremureau.com\/mcr\/wp-json\/wp\/v2\/pages\/5\/revisions"}],"wp:attachment":[{"href":"https:\/\/demo.gregoiremureau.com\/mcr\/wp-json\/wp\/v2\/media?parent=5"}],"curies":[{"name":"wp","href":"https:\/\/api.w.org\/{rel}","templated":true}]}}

<p>Le MCR Meyrin se réunit tout au long de l&rsquo;année pour des moments de partage, de prière et de formation. Voici les principales activités du groupe.</p>
<h2>Les rencontres</h2>
<p>De <strong>6 à 9 rencontres par an</strong>, généralement le jeudi après-midi à l&rsquo;Église de la Visitation. Chaque rencontre s&rsquo;articule autour du thème annuel, avec un temps de prière, un enseignement et un moment convivial.</p>
<h2>Journée de formation et ressourcement</h2>
<p>Chaque année, une journée dédiée à la formation des responsables et membres. La prochaine édition aura lieu le <strong>27 mai 2026 à Belfaux</strong>, animée par Aline Gardaz De Luca sur le thème « La voix, être en relation aux autres ».</p>
<h2>Récollections</h2>
<p>Une récollection annuelle offre un temps plus long de prière et de réflexion, généralement en début de saison.</p>

<p>Le MCR Meyrin se réunit tout au long de l&rsquo;année pour des moments de partage, de prière et de formation. Voici les principales activités du groupe. Les rencontres De 6 à 9 rencontres par an, généralement le jeudi après-midi à l&rsquo;Église de la Visitation. Chaque rencontre s&rsquo;articule autour du thème annuel, avec un temps de [&hellip;]</p>
