{"id":4,"date":"2026-07-30T06:36:14","date_gmt":"2026-07-30T06:36:14","guid":{"rendered":"http:\/\/localhost:8080\/?page_id=4"},"modified":"2026-07-30T06:36:14","modified_gmt":"2026-07-30T06:36:14","slug":"qui-sommes-nous","status":"publish","type":"page","link":"https:\/\/demo.gregoiremureau.com\/mcr\/qui-sommes-nous\/","title":{"rendered":"Qui sommes-nous"},"content":{"rendered":"<p>Le <strong>Mouvement Chr\u00e9tien des Retrait\u00e9s (MCR)<\/strong> de Meyrin rassemble des retrait\u00e9s autour de valeurs de <strong>foi, d&rsquo;amiti\u00e9 et de solidarit\u00e9<\/strong>. Affili\u00e9 \u00e0 la Paroisse Catholique Romaine de Meyrin, le groupe se r\u00e9unit r\u00e9guli\u00e8rement pour partager des temps de pri\u00e8re, de r\u00e9flexion et de convivialit\u00e9.<\/p>\n<h2>Notre mission<\/h2>\n<p>Le MCR accompagne les retrait\u00e9s dans leur vie spirituelle et leur engagement social. \u00c0 travers rencontres, r\u00e9collections et journ\u00e9es de formation, il offre un espace pour grandir dans la foi et tisser des liens d&rsquo;amiti\u00e9 durables.<\/p>\n<h2>Un peu d&rsquo;histoire<\/h2>\n<p>Le MCR romand a f\u00eat\u00e9 son <strong>60\u1d49 anniversaire<\/strong> en juin 2025 \u00e0 Payerne, r\u00e9unissant pr\u00e8s de 600 participants. Le MCR Meyrin, groupe local anim\u00e9 par Marie-Laure Dupont, poursuit cette mission au sein de la paroisse.<\/p>\n<h2>Les th\u00e8mes annuels<\/h2>\n<ul>\n<li>2022-2023 : Esp\u00e9rance<\/li>\n<li>2023-2024 : Oser l&rsquo;autre<\/li>\n<li>2024-2025 : H\u00e9ritage<\/li>\n<li>2025-2026 : En Chemins<\/li>\n<li>2026-2027 : Tous Ensemble<\/li>\n<\/ul>\n","protected":false},"excerpt":{"rendered":"<p>Le Mouvement Chr\u00e9tien des Retrait\u00e9s (MCR) de Meyrin rassemble des retrait\u00e9s autour de valeurs de foi, d&rsquo;amiti\u00e9 et de solidarit\u00e9. Affili\u00e9 \u00e0 la Paroisse Catholique Romaine de Meyrin, le groupe se r\u00e9unit r\u00e9guli\u00e8rement pour partager des temps de pri\u00e8re, de r\u00e9flexion et de convivialit\u00e9. Notre mission Le MCR accompagne les retrait\u00e9s dans leur vie spirituelle [&hellip;]<\/p>\n","protected":false},"author":0,"featured_media":0,"parent":0,"menu_order":0,"comment_status":"closed","ping_status":"closed","template":"","meta":{"footnotes":""},"class_list":["post-4","page","type-page","status-publish","hentry"],"_links":{"self":[{"href":"https:\/\/demo.gregoiremureau.com\/mcr\/wp-json\/wp\/v2\/pages\/4","targetHints":{"allow":["GET"]}}],"collection":[{"href":"https:\/\/demo.gregoiremureau.com\/mcr\/wp-json\/wp\/v2\/pages"}],"about":[{"href":"https:\/\/demo.gregoiremureau.com\/mcr\/wp-json\/wp\/v2\/types\/page"}],"replies":[{"embeddable":true,"href":"https:\/\/demo.gregoiremureau.com\/mcr\/wp-json\/wp\/v2\/comments?post=4"}],"version-history":[{"count":0,"href":"https:\/\/demo.gregoiremureau.com\/mcr\/wp-json\/wp\/v2\/pages\/4\/revisions"}],"wp:attachment":[{"href":"https:\/\/demo.gregoiremureau.com\/mcr\/wp-json\/wp\/v2\/media?parent=4"}],"curies":[{"name":"wp","href":"https:\/\/api.w.org\/{rel}","templated":true}]}}

<p>Le <strong>Mouvement Chrétien des Retraités (MCR)</strong> de Meyrin rassemble des retraités autour de valeurs de <strong>foi, d&rsquo;amitié et de solidarité</strong>. Affilié à la Paroisse Catholique Romaine de Meyrin, le groupe se réunit régulièrement pour partager des temps de prière, de réflexion et de convivialité.</p>
<h2>Notre mission</h2>
<p>Le MCR accompagne les retraités dans leur vie spirituelle et leur engagement social. À travers rencontres, récollections et journées de formation, il offre un espace pour grandir dans la foi et tisser des liens d&rsquo;amitié durables.</p>
<h2>Un peu d&rsquo;histoire</h2>
<p>Le MCR romand a fêté son <strong>60ᵉ anniversaire</strong> en juin 2025 à Payerne, réunissant près de 600 participants. Le MCR Meyrin, groupe local animé par Marie-Laure Dupont, poursuit cette mission au sein de la paroisse.</p>
<h2>Les thèmes annuels</h2>
<ul>
<li>2022-2023 : Espérance</li>
<li>2023-2024 : Oser l&rsquo;autre</li>
<li>2024-2025 : Héritage</li>
<li>2025-2026 : En Chemins</li>
<li>2026-2027 : Tous Ensemble</li>
</ul>

<p>Le Mouvement Chrétien des Retraités (MCR) de Meyrin rassemble des retraités autour de valeurs de foi, d&rsquo;amitié et de solidarité. Affilié à la Paroisse Catholique Romaine de Meyrin, le groupe se réunit régulièrement pour partager des temps de prière, de réflexion et de convivialité. Notre mission Le MCR accompagne les retraités dans leur vie spirituelle [&hellip;]</p>
